6*q - 24317. Give l(-144).
163
Let d(n) = n**3 + 153*n**2 + 5599*n + 1277. Calculate d(-60).
137
Let f(z) = 2*z**2 - 116*z - 1010. What is f(56)?
-1234
Let f(b) = b**3 - 2170*b**2 + 66309*b + 4. Give f(31).
4
Let j(p) = p**2 + 1941*p + 98202. Give j(-52).
-26
Let y(h) = -71*h - 681. Determine y(-7).
-184
Let k(y) = 9113*y - 8739366. Determine k(959).
1
Let m(g) = g**3 - 42*g**2 + 449*g - 39. Give m(15).
621
Let m(z) = 13*z**2 + 2586*z - 2707. Calculate m(-200).
93
Let w(y) = -y**2 + 6*y - 14. What is w(5)?
-9
Let l(i) = -8*i**2 + 2184*i - 2204. Give l(1).
-28
Let v(g) = 20*g**2 + 1088*g + 8171. Determine v(-9).
-1
Let l(k) = 1173*k - 8420. What is l(7)?
-209
Let j(z) = 20*z**3 - 8369*z**2 - 4633*z + 10058. Determine j(419).
2
Let c(v) = -7899*v + 62562. Determine c(8).
-630
Let p(k) = -20*k**2 - 1880*k + 7874. What is p(4)?
34
Let r(h) = h**2 - 123*h - 32405. Determine r(-129).
103
Let r(b) = -b**3 - 63*b**2 + 625*b + 23919. What is r(-67)?
0
Let t(v) = 78*v**2 + 1692*v - 84. Give t(-22).
444
Let f(x) = -788*x - 11097. Determine f(-14).
-65
Let z(b) = b**2 - 11614*b - 524660. Determine z(-45).
-5
Let j(r) = 9900*r - 425704. Give j(43).
-4
Let h(v) = 25*v**2 - 1257*v + 6940. Calculate h(44).
32
Let x(f) = f**3 - 59*f**2 + 123*f + 2859. Give x(56).
339
Let i(u) = -2142*u + 44946. Determine i(21).
-36
Let o(a) = 13*a**2 + 23528*a + 94076. Give o(-4).
172
Let r(x) = 103069*x + 515355. What is r(-5)?
10
Let o(j) = -17*j**2 - 312*j - 646. What is o(-16)?
-6
Let w(q) = -q**3 + 42*q**2 + 4759*q - 196937. Determine w(41).
-137
Let g(p) = -24*p**2 - 1626*p - 1017. Calculate g(-67).
189
Let k(c) = -9116*c + 1795778. Give k(197).
-74
Let c(h) = -3*h**3 - 46*h**2 - 189*h - 81. Calculate c(-8).
23
Let k(r) = 73*r**2 + 1808*r + 1356. Calculate k(-24).
12
Let k(u) = 2895*u - 3116. Determine k(2).
2674
Let h(b) = -48168*b - 2504745. Calculate h(-52).
-9
Let r(k) = -7886*k - 7896. What is r(-1)?
-10
Let u(z) = 6*z**2 - 339*z - 12549. Calculate u(82).
-3
Let h(u) = 72*u**2 - 35*u - 165. Calculate h(-7).
3608
Let r(u) = u**3 - 84*u**2 - 182*u + 1295. Give r(86).
435
Let j(m) = -179*m**3 - 71*m**2 - 3*m - 11. Determine j(-2).
1143
Let m(g) = -266*g**3 - 1328*g**2 + 11*g - 7. What is m(-5)?
-12
Let c(a) = a**3 - 18*a**2 + 260*a - 2275. Determine c(13).
260
Let g(i) = -2*i**2 + 2074*i + 117835. Calculate g(-54).
7
Let y(b) = -b**3 - b**2 + 115788*b + 115788. Calculate y(-1).
0
Let a(q) = 16483*q - 181278. Give a(11).
35
Let x(u) = -176972*u - 176973. Determine x(-1).
-1
Let t(f) = -2*f**2 + 14817*f - 74031. What is t(5)?
4
Let i(p) = -7*p**3 - 1078*p**2 + p - 587. What is i(-154)?
-741
Let j(o) = 4*o**2 - 355187*o - 2486509. What is j(-7)?
-4
Let i(a) = -48*a**3 - 19*a**2 + 35*a + 10. Give i(3).
-1352
Let t(j) = j**3 - 19*j**2 + 237*j - 3776. What is t(18)?
166
Let f(m) = -m**3 + 12*m**2 - 72*m + 780. What is f(12)?
-84
Let o(a) = 5*a**2 + 1723*a - 12275. Calculate o(7).
31
Let c(x) = -562*x**2 + 3831*x - 13. Give c(6).
2741
Let i(w) = -7559*w + 60962. What is i(8)?
490
Let l(p) = 93*p**3 + 747*p**2 + 18*p + 1. Give l(-8).
49
Let p(l) = -7802*l - 304263. What is p(-39)?
15
Let d(r) = 707719*r - 1. Determine d(0).
-1
Let g(z) = 661*z - 37595. What is g(57)?
82
Let k(h) = 84*h**3 + 5039*h**2 - 87*h - 1626. Determine k(-60).
-6
Let b(w) = -30*w - 70. What is b(46)?
-1450
Let s(g) = 174428*g - 54770396. Give s(314).
-4
Let w(q) = 2*q**3 + 42*q**2 + 162*q - 111. Give w(-16).
-143
Let l(g) = -6881*g - 1128458. What is l(-164)?
26
Let n(l) = 453*l + 52439. Calculate n(-116).
-109
Let n(m) = m**3 + 2*m**2 - 82354*m + 82354. What is n(1)?
3
Let v(s) = -s**2 + 9758*s + 244352. Calculate v(-25).
-223
Let n(r) = -55*r**2 + 599*r + 15. What is n(11)?
-51
Let r(o) = 1186*o - 26085. What is r(22)?
7
Let s(m) = 2*m**3 - 1987*m**2 + 6953*m - 22773. Give s(990).
-3
Let f(y) = -4*y**2 - 46*y - 59. Determine f(-6).
73
Let r(l) = l**2 - 654*l + 30747. Give r(603).
-6
Let m(d) = -38*d**3 + 13*d**2 - 704*d + 693. Calculate m(1).
-36
Let t(v) = -v**3 - 125*v**2 - 1807*v - 175820. Calculate t(-122).
-18
Let z(w) = -47779*w + 382211. Determine z(8).
-21
Let z(j) = -607*j**2 - 759*j + 1371. Give z(1).
5
Let q(k) = 210*k + 13571. Give q(-65).
-79
Let x(z) = -z**3 - 120*z**2 - 1426*z + 49782. What is x(-101)?
-11
Let h(i) = 178*i + 204. What is h(9)?
1806
Let m(t) = -4272*t + 12823. Give m(3).
7
Let y(z) = z**3 + 166*z**2 + 2311*z - 13328. Calculate y(-150).
22
Let g(r) = 12*r**3 - 1199*r**2 - 122*r + 18. Give g(100).
-2182
Let k(i) = -i**2 + 397*i - 13730. Calculate k(38).
-88
Let y(j) = 3736*j + 167968. What is y(-45)?
-152
Let f(r) = r**3 + 1676*r**2 - 11780*r + 32. Give f(7).
39
Let d(q) = 291*q + 20665. Calculate d(-69).
586
Let y(n) = 9*n**3 + 46*n**2 - 9*n + 2. Determine y(-7).
-768
Let y(g) = -233*g + 39749. What is y(170)?
139
Let i(l) = 69*l**2 + 931*l + 66. Give i(-15).
1626
Let w(k) = 38*k**2 - 18*k - 75. Determine w(7).
1661
Let c(y) = -y**3 + 20*y**2 - 130*y + 277. Determine c(6).
1
Let f(a) = -57965*a - 1275242. Give f(-22).
-12
Let a(n) = -290*n + 16200. Determine a(56).
-40
Let z(c) = 357*c - 10908. What is z(30)?
-198
Let h(x) = -x**3 - 3*x**2 - 7*x - 3643. Calculate h(0).
-3643
Let h(w) = -6*w**2 - 461*w + 292. What is h(-74)?
1550
Let v(m) = -91*m + 11615. What is v(121)?
604
Let z(s) = 11*s**2 + 813*s + 4887. Give z(-6).
405
Let u(l) = 159612*l - 957642. Calculate u(6).
30
Let n(t) = 7*t**2 + 1081*t - 7587. Calculate n(-162).
999
Let y(s) = -s**2 + 4971*s - 2211626. Give y(494).
12
Let v(a) = a**2 + 54238*a - 12637027. Give v(232).
13
Let u(t) = 3*t**3 + 173*t**2 - 46*t - 134. Determine u(-58).
-830
Let x(j) = -914*j + 6972. Determine x(8).
-340
Let w(a) = -2*a**2 + 464*a + 19519. Calculate w(271).
-1619
Let a(i) = i**3 - 39*i**2 - 51*i - 2955. Determine a(42).
195
Let y(w) = 1644*w - 35399. Give y(21).
-875
Let y(b) = 2*b**3 + 1712*b**2 + 62*b + 52994. What is y(-856)?
-78
Let w(i) = -i**3 + 30*i**2 + 138*i - 4351. What is w(30)?
-211
Let w(f) = 124*f + 5251. Determine w(-44).
-205
Let z(g) = 22*g**2 + 1740*g + 109. What is z(-78)?
-1763
Let c(b) = 6682*b - 280623. Calculate c(42).
21
Let l(k) = -844*k**2 - 277*k + 542. Determine l(2).
-3388
Let m(p) = -p**3 - 12*p**2 + 26866*p + 322384. Calculate m(-12).
-8
Let j(d) = 131*d**2 - 10086*d - 75. Give j(77).
2
Let q(i) = 3350*i - 19722. What is q(6)?
378
Let z(d) = 5676*d - 22693. What is z(4)?
11
Let d(x) = 1955*x + 11735. Determine d(-6).
5
Let w(x) = -767*x**3 - 9203*x**2 + 4*x - 74. What is w(-12)?
22
Let o(b) = b**3 + 34*b**2 + 747*b + 20280. What is o(-31)?
6
Let j(o) = -o**3 - 117*o**2 - 684*o - 1986. What is j(-111)?
12
Let d(i) = 2876*i + 158168. What is d(-55)?
-12
Let c(s) = -s**3 + 78*s**2 + 1183*s - 42. What is c(91)?
-42
Let r(h) = 160*h**2 + 54*h + 114. Calculate r(-2).
646
Let c(a) = a**3 + 269*a**2 - 2227*a - 81414. Give c(-276).
6
Let l(r) = -1175*r**3 + r**2 - 447*r + 445. What is l(1)?
-1176
Let w(y) = y**2 + 36*y - 1633. Give w(-38).
-1557
Let z(d) = -68*d**2 + 2168*d - 53. Give z(32).
-309
Let v(d) = 443*d - 25873. Calculate v(60).
707
Let p(f) = -230086*f - 1840692. Give p(-8).
-4
Let n(f) = f**3 + 76*f**2 + 717*f - 11. Determine n(-65).
-141
Let t(a) = 36716*a**2 + 257057*a + 316. Determine t(-7).
1
Let i(v) = -31218*v - 124864. Calculate i(-4).
8
Let b(i) = -91*i + 7352. Calculate b(75).
527
Let k(t) = -3*t**3 + 125*t**2 - 19*t + 2763. Give k(42).
201
Let w(k) = 3*k**2 + 861*k - 277974. What is w(-480)?
-54
Let i(m) = 3614*m - 1282958. Give i(355).
12
Let c(q) = 2*q**3 + 7*q**2 - 44*q - 73. Give c(9).
1556
Let s(x) = -2*x**2 - 24*x + 262. Give s(11).
-244
Let q(x) = 4535*x - 72550. What is q(16)?
10
Let q(z) = -136*z + 12820. Determine q(105).
-1460
Let y(w) = 3*w**3 - 1308*w**2 - 85953*w - 1488. Calculate y(494).
-6
Let n(w) = 79702*w - 956340. What is n(12)?
84
Let h(g) = -g**3 + 144*g**2 + 689*g + 55569. Give h(151).
1
Let j(n) = 3*n**3 + 39*n + 286. Determine j(-6).
-596
Let k(a) = -20*a**3 + 260*a - 259. Give k(1).
-19
Let c(o) = -300*o - 3685. Give c(-19).
2015
Let j(q) = -1386459*q + 49912537. Give j(36).
13
Let p(b) = 2*b**2 + 121*b - 1424. Give p(-72).
232
Let u(l) = -279*l**2 - 239*l + 25. Give u(-1).
-15
Let q(g) = -451*g + 7303. Calculate q(16).
87
Let u(b) = -25*b**2 + 15879*b - 2511